{"id":549,"date":"2023-06-16T19:28:01","date_gmt":"2023-06-16T17:28:01","guid":{"rendered":"http:\/\/collectifisos.be\/?page_id=549"},"modified":"2024-02-29T11:57:14","modified_gmt":"2024-02-29T10:57:14","slug":"press","status":"publish","type":"page","link":"https:\/\/collectifisos.be\/index.php\/press\/","title":{"rendered":"Press"},"content":{"rendered":"<div class='flex_column av-h6uz1-c4fbe0a12f1686ecf40234b851a83d22 av_one_fourth  avia-builder-el-0  el_before_av_three_fourth  avia-builder-el-first  first flex_column_div '     ><style type=\"text\/css\" data-created_by=\"avia_inline_auto\" id=\"style-css-av-liyttsq2-808554b8ac66a78359a476168eadf86c\">\n#top .av-special-heading.av-liyttsq2-808554b8ac66a78359a476168eadf86c{\npadding-bottom:10px;\n}\nbody .av-special-heading.av-liyttsq2-808554b8ac66a78359a476168eadf86c .av-special-heading-tag .heading-char{\nfont-size:25px;\n}\n.av-special-heading.av-liyttsq2-808554b8ac66a78359a476168eadf86c .av-subheading{\nfont-size:15px;\n}\n<\/style>\n<div  class='av-special-heading av-liyttsq2-808554b8ac66a78359a476168eadf86c av-special-heading-h1  avia-builder-el-1  avia-builder-el-no-sibling '><h1 class='av-special-heading-tag'  itemprop=\"headline\"  >ON PARLE D\u2019ISOS DANS LA PRESS<\/h1><div class=\"special-heading-border\"><div class=\"special-heading-inner-border\"><\/div><\/div><\/div><\/div>\n<div class='flex_column av-8y2k5-4d4e40bd041f69c4b0ef6e5554081871 av_three_fourth  avia-builder-el-2  el_after_av_one_fourth  avia-builder-el-last  flex_column_div '     ><section  class='av_textblock_section av-liyudhx2-21d035cfa14d16cdc4cf08fd5271ca28'  itemscope=\"itemscope\" itemtype=\"https:\/\/schema.org\/CreativeWork\" ><div class='avia_textblock'  itemprop=\"text\" ><ul>\n<li>25 mai 2023: <strong>BX1<\/strong> &#8211; \u00ab\u00a0Bonjour Bruxelles\u00a0\u00bb\n<ul>\n<li><a href=\"https:\/\/bx1.be\/radio-emission\/bonjour-bruxelles-25-05-2023\/\" target=\"_blank\" rel=\"noopener\">\u00e9mission compl\u00e8te<\/a><\/li>\n<li><a href=\"https:\/\/bx1.be\/categories\/news\/alexandre-pycke-souhaite-un-organe-independant-pour-traiter-les-plaintes-contre-les-violences-policieres\/?theme=classic\" target=\"_blank\" rel=\"noopener\">Extrait et r\u00e9sum\u00e9<\/a><\/li>\n<\/ul>\n<\/li>\n<\/ul>\n<ul>\n<li>25 mai 2023: <a href=\"https:\/\/www.rtbf.be\/article\/des-citoyens-reclament-un-organe-de-controle-de-la-police-plus-independant-11202893\" target=\"_blank\" rel=\"noopener\"><strong>RTBF radio<\/strong> \u00ab\u00a0Des citoyens r\u00e9clament un organe de contr\u00f4le de la police plus ind\u00e9pendant\u00a0\u00bb<\/a><\/li>\n<\/ul>\n<ul>\n<li>31 mai 2023: <a href=\"https:\/\/auvio.rtbf.be\/media\/declic-les-sequences-linvite-alexandre-pycke-le-collectif-isos-plaide-pour-la-creation-dun-organe-independant-pour-traiter-les-plaintes-en-lien-avec-les-violences-policieres-3042300\" target=\"_blank\" rel=\"noopener\"><strong>RTBF info,<\/strong> L&rsquo;invit\u00e9: Alexandre Pycke &#8211; Le collectif ISOS plaide pour la cr\u00e9ation d\u2019un organe ind\u00e9pendant pour traiter les plaintes en lien avec les violences polici\u00e8res<\/a><\/li>\n<\/ul>\n<ul>\n<li>7 juin 2023: <a href=\"https:\/\/www.lalibre.be\/belgique\/judiciaire\/2023\/06\/07\/le-pere-dune-victime-denonce-limpunite-des-violences-policieres-en-belgique-le-taux-de-classement-sans-suite-par-la-justice-est-de-95-en-2021-JONMRC4V5ZB67LQULZLNMFV3CQ\/\" target=\"_blank\" rel=\"noopener\"><strong>La Libre<\/strong> \u00ab\u00a0Le p\u00e8re d&rsquo;une victime d\u00e9nonce l&rsquo;impunit\u00e9 des violences polici\u00e8res: \u00ab\u00a0La violence physique et mentale d\u2019une telle exp\u00e9rience laisse des s\u00e9quelles\u00a0\u00bb<\/a><\/li>\n<\/ul>\n<ul>\n<li>7 juin 2023: <a href=\"https:\/\/www.ln24.be\/videos\/2023\/06\/07\/premiers-sur-l-info-le-sport-pourrait-il-etre-politiquement-neutre-qks8u5f\/\" target=\"_blank\" rel=\"noopener\"><strong>LN 24<\/strong> \u00ab\u00a0Qui doit enqu\u00eater sur les violences polici\u00e8res\u00a0\u00bb (\u00e0 partir de la 4\u00e8me minute)<\/a><\/li>\n<li>12 juin 2023: <a href=\"https:\/\/www.bruzz.be\/justitie\/vader-gearresteerde-jongen-pleit-voor-onafhankelijk-orgaan-comite-p-werkt-niet-2023-06-12\" target=\"_blank\" rel=\"noopener\"><strong>BRUZZ<\/strong> \u00ab\u00a0Vader gearresteerde jongen pleit voor onafhankelijk orgaan: \u2018Comit\u00e9 P werkt niet\u2019\u00a0\u00bb<\/a><\/li>\n<li>20 juin 2023: <a href=\"https:\/\/open.spotify.com\/episode\/42s7MABzZHWfdIHk94u9HY?si=40a34ab9ca2b4950&amp;nd=1\" target=\"_blank\" rel=\"noopener\">BXFM 104.3 &#8211; l&rsquo;invit\u00e9 du jour : Alexandre Pycke<\/a><\/li>\n<li>8 janvier 2024 : <a href=\"https:\/\/auvio.rtbf.be\/media\/investigation-investigation-3135468\" target=\"_blank\" rel=\"noopener\">#Investigation, Racisme \u00e0 la police, l&rsquo;impunit\u00e9 en question<\/a><\/li>\n<\/ul>\n<\/div><\/section><\/div>\n","protected":false},"excerpt":{"rendered":"","protected":false},"author":1,"featured_media":0,"parent":0,"menu_order":0,"comment_status":"closed","ping_status":"closed","template":"","meta":{"footnotes":""},"class_list":["post-549","page","type-page","status-publish","hentry"],"_links":{"self":[{"href":"https:\/\/collectifisos.be\/index.php\/wp-json\/wp\/v2\/pages\/549","targetHints":{"allow":["GET"]}}],"collection":[{"href":"https:\/\/collectifisos.be\/index.php\/wp-json\/wp\/v2\/pages"}],"about":[{"href":"https:\/\/collectifisos.be\/index.php\/wp-json\/wp\/v2\/types\/page"}],"author":[{"embeddable":true,"href":"https:\/\/collectifisos.be\/index.php\/wp-json\/wp\/v2\/users\/1"}],"replies":[{"embeddable":true,"href":"https:\/\/collectifisos.be\/index.php\/wp-json\/wp\/v2\/comments?post=549"}],"version-history":[{"count":4,"href":"https:\/\/collectifisos.be\/index.php\/wp-json\/wp\/v2\/pages\/549\/revisions"}],"predecessor-version":[{"id":566,"href":"https:\/\/collectifisos.be\/index.php\/wp-json\/wp\/v2\/pages\/549\/revisions\/566"}],"wp:attachment":[{"href":"https:\/\/collectifisos.be\/index.php\/wp-json\/wp\/v2\/media?parent=549"}],"curies":[{"name":"wp","href":"https:\/\/api.w.org\/{rel}","templated":true}]}}