{"id":66,"date":"2023-04-23T19:20:26","date_gmt":"2023-04-23T17:20:26","guid":{"rendered":"http:\/\/collectifisos.be\/?page_id=66"},"modified":"2023-05-19T13:14:14","modified_gmt":"2023-05-19T11:14:14","slug":"aide-aux-victimes","status":"publish","type":"page","link":"https:\/\/collectifisos.be\/index.php\/aide-aux-victimes\/","title":{"rendered":"Aide aux victimes"},"content":{"rendered":"\n<style type=\"text\/css\" data-created_by=\"avia_inline_auto\" id=\"style-css-av-lgtpebp1-3b0c116924c1480f985bb792eae47af2\">\n.flex_column.av-lgtpebp1-3b0c116924c1480f985bb792eae47af2{\npadding:0 0 0 0;\n}\n<\/style>\n<div class='flex_column av-lgtpebp1-3b0c116924c1480f985bb792eae47af2 av_one_fourth  avia-builder-el-0  el_before_av_three_fourth  avia-builder-el-first  first flex_column_div av-zero-column-padding '     ><style type=\"text\/css\" data-created_by=\"avia_inline_auto\" id=\"style-css-av-4hj92-22f304a44994ab584c511d72841cf770\">\n#top .av-special-heading.av-4hj92-22f304a44994ab584c511d72841cf770{\npadding-bottom:10px;\n}\nbody .av-special-heading.av-4hj92-22f304a44994ab584c511d72841cf770 .av-special-heading-tag .heading-char{\nfont-size:25px;\n}\n.av-special-heading.av-4hj92-22f304a44994ab584c511d72841cf770 .av-subheading{\nfont-size:15px;\n}\n<\/style>\n<div  class='av-special-heading av-4hj92-22f304a44994ab584c511d72841cf770 av-special-heading-h1  avia-builder-el-1  avia-builder-el-no-sibling '><h1 class='av-special-heading-tag'  itemprop=\"headline\"  >AIDE AUX VICTIMES<\/h1><div class=\"special-heading-border\"><div class=\"special-heading-inner-border\"><\/div><\/div><\/div><\/div>\n<div class='flex_column av-40002-901a16bdd1e2a80b5d97816f9fce5438 av_three_fourth  avia-builder-el-2  el_after_av_one_fourth  avia-builder-el-last  flex_column_div '     ><p>\n<style type=\"text\/css\" data-created_by=\"avia_inline_auto\" id=\"style-css-av-lh52g32v-f1d671c043896d06fbf1733e3e6dc02d\">\n#top .av-special-heading.av-lh52g32v-f1d671c043896d06fbf1733e3e6dc02d{\npadding-bottom:10px;\n}\nbody .av-special-heading.av-lh52g32v-f1d671c043896d06fbf1733e3e6dc02d .av-special-heading-tag .heading-char{\nfont-size:25px;\n}\n.av-special-heading.av-lh52g32v-f1d671c043896d06fbf1733e3e6dc02d .av-subheading{\nfont-size:15px;\n}\n<\/style>\n<div  class='av-special-heading av-lh52g32v-f1d671c043896d06fbf1733e3e6dc02d av-special-heading-h3  avia-builder-el-3  el_before_av_textblock  avia-builder-el-first '><h3 class='av-special-heading-tag'  itemprop=\"headline\"  >Cabinets d\u2019avocats<\/h3><div class=\"special-heading-border\"><div class=\"special-heading-inner-border\"><\/div><\/div><\/div><br \/>\n\n<style type=\"text\/css\" data-created_by=\"avia_inline_auto\" id=\"style-css-av-3sg5y-05bc196850dbdb994f5bf4dbf36d1a72\">\n#top .av_textblock_section.av-3sg5y-05bc196850dbdb994f5bf4dbf36d1a72 .avia_textblock{\nfont-size:14px;\ncolor:#000000;\ntext-align:left;\n}\n<\/style>\n<section  class='av_textblock_section av-3sg5y-05bc196850dbdb994f5bf4dbf36d1a72'  itemscope=\"itemscope\" itemtype=\"https:\/\/schema.org\/CreativeWork\" ><div class='avia_textblock av_inherit_color'  itemprop=\"text\" ><p>Certains bureaux d\u2019avocats ont d\u00e9velopp\u00e9 une grande exp\u00e9rience dans la d\u00e9fense des victimes de violences polici\u00e8res.\u00a0 Si vous avez d&rsquo;autres cabinets et avocat.e.s \u00e0 sugg\u00e9rer, <a href=\"http:\/\/collectifisos.be\/index.php\/contact\/\">contactez-nous<\/a>.<br \/>\n<strong>\u00a0<\/strong><br \/>\n<strong>Progress Law Network<\/strong><br \/>\nAssociation d\u2019avocats<br \/>\n<a href=\"https:\/\/www.progresslaw.net\/f\/homefr\/\" target=\"_blank\" rel=\"noopener\">https:\/\/www.progresslaw.net\/f\/homefr<\/a><br \/>\nContact : Selma Benkhelifa<br \/>\n<strong>\u00a0<\/strong><br \/>\n<strong>Quartier des Libert\u00e9s<\/strong><br \/>\nAssociation d\u2019avocats<br \/>\n<a href=\"https:\/\/www.quartierdeslibertes.be\" target=\"_blank\" rel=\"noopener\">https:\/\/www.quartierdeslibertes.be<\/a><br \/>\nContact: Alexis Deswaef<\/p>\n<\/div><\/section><br \/>\n\n<style type=\"text\/css\" data-created_by=\"avia_inline_auto\" id=\"style-css-av-lh52git7-0b103f53fc0b08c815a5f7e246d3a215\">\n#top .av-special-heading.av-lh52git7-0b103f53fc0b08c815a5f7e246d3a215{\npadding-bottom:10px;\n}\nbody .av-special-heading.av-lh52git7-0b103f53fc0b08c815a5f7e246d3a215 .av-special-heading-tag .heading-char{\nfont-size:25px;\n}\n.av-special-heading.av-lh52git7-0b103f53fc0b08c815a5f7e246d3a215 .av-subheading{\nfont-size:15px;\n}\n<\/style>\n<div  class='av-special-heading av-lh52git7-0b103f53fc0b08c815a5f7e246d3a215 av-special-heading-h3  avia-builder-el-5  el_after_av_textblock  el_before_av_textblock '><h3 class='av-special-heading-tag'  itemprop=\"headline\"  >Associations<\/h3><div class=\"special-heading-border\"><div class=\"special-heading-inner-border\"><\/div><\/div><\/div><br \/>\n\n<style type=\"text\/css\" data-created_by=\"avia_inline_auto\" id=\"style-css-av-lgtoxrib-1f698e17446558e1d717e8e812914f88\">\n#top .av_textblock_section.av-lgtoxrib-1f698e17446558e1d717e8e812914f88 .avia_textblock{\nfont-size:14px;\ncolor:#000000;\ntext-align:left;\n}\n<\/style>\n<section  class='av_textblock_section av-lgtoxrib-1f698e17446558e1d717e8e812914f88'  itemscope=\"itemscope\" itemtype=\"https:\/\/schema.org\/CreativeWork\" ><div class='avia_textblock av_inherit_color'  itemprop=\"text\" ><p>Plusieurs associations aident les victimes en les informant sur leurs droits, dans leurs d\u00e9marches \u00e0 l\u2019\u00e9gard de la Justice ou en recueillant leurs t\u00e9moignages :<br \/>\n<strong>\u00a0<\/strong><br \/>\n<strong>Unia<\/strong> (<a href=\"https:\/\/www.unia.be\/fr\" target=\"_blank\" rel=\"noopener\">https:\/\/www.unia.be\/fr<\/a>), institution publique ind\u00e9pendante qui lutte contre la discrimination et d\u00e9fend l\u2019\u00e9galit\u00e9 des chances en Belgique.<\/p>\n<p><strong>La Ligue des Droits Humains<\/strong> (<a href=\"https:\/\/www.liguedh.be\" target=\"_blank\" rel=\"noopener\">https:\/\/www.liguedh.be<\/a>). En tant que contre-pouvoir, la LDH observe, informe et interpelle les pouvoirs publics et les citoyen\u00b7ne\u00b7s en vue de rem\u00e9dier \u00e0 des situations qui portent atteinte aux droits fondamentaux.<\/p>\n<p><strong>Police Watch<\/strong> (<a href=\"https:\/\/policewatch.be\/page\" target=\"_blank\" rel=\"noopener\">https:\/\/policewatch.be\/page<\/a>). Police Watch informe des droits et de la meilleure mani\u00e8re de les faire respecter, rend les abus visibles et objectifs gr\u00e2ce \u00e0 la collecte et l\u2019analyse de donn\u00e9es. Elle interpelle \u00e9galement les autorit\u00e9s concern\u00e9es afin d&rsquo;obtenir un changement des r\u00e9glementations comme des pratiques.<\/p>\n<p><strong>Observatoire des violences polici\u00e8res<\/strong> (<a href=\"https:\/\/obspol.be\" target=\"_blank\" rel=\"noopener\">https:\/\/obspol.be<\/a>). La mission d\u2019Obspol n\u2019est pas d\u2019apporter une aide individuelle aux victimes mais de recenser les cas ill\u00e9gitimes, d\u2019analyser les circonstances et le contexte pr\u00e9cis de chacun afin d\u2019en dresser une carte, tant g\u00e9ographique que sociologique.<\/p>\n<\/div><\/section><br \/>\n\n<style type=\"text\/css\" data-created_by=\"avia_inline_auto\" id=\"style-css-av-lh7of9vl-31c6bfbe00b4d02382da64dc91242922\">\n#top .av-special-heading.av-lh7of9vl-31c6bfbe00b4d02382da64dc91242922{\npadding-bottom:10px;\n}\nbody .av-special-heading.av-lh7of9vl-31c6bfbe00b4d02382da64dc91242922 .av-special-heading-tag .heading-char{\nfont-size:25px;\n}\n.av-special-heading.av-lh7of9vl-31c6bfbe00b4d02382da64dc91242922 .av-subheading{\nfont-size:15px;\n}\n<\/style>\n<div  class='av-special-heading av-lh7of9vl-31c6bfbe00b4d02382da64dc91242922 av-special-heading-h3  avia-builder-el-7  el_after_av_textblock  el_before_av_textblock '><h3 class='av-special-heading-tag'  itemprop=\"headline\"  >Sources d\u2019information<\/h3><div class=\"special-heading-border\"><div class=\"special-heading-inner-border\"><\/div><\/div><\/div><br \/>\n\n<style type=\"text\/css\" data-created_by=\"avia_inline_auto\" id=\"style-css-av-3bsy-7d2feec92441e421a4a96b12223ed1e2\">\n#top .av_textblock_section.av-3bsy-7d2feec92441e421a4a96b12223ed1e2 .avia_textblock{\nfont-size:14px;\ncolor:#000000;\ntext-align:left;\n}\n<\/style>\n<section  class='av_textblock_section av-3bsy-7d2feec92441e421a4a96b12223ed1e2'  itemscope=\"itemscope\" itemtype=\"https:\/\/schema.org\/CreativeWork\" ><div class='avia_textblock av_inherit_color'  itemprop=\"text\" ><p><a href=\"https:\/\/www.liguedh.be\/quels-droits-face-a-la-police\/\" target=\"_blank\" rel=\"noopener\">\u00ab <strong>Quels droits face \u00e0 la police\u00a0?<\/strong>\u00a0\u00bb,<\/a> ouvrage de r\u00e9f\u00e9rence de Matthieu Beys qui informe des droits des citoyens face \u00e0 la police.<\/p>\n<\/div><\/section><\/p><\/div>\n","protected":false},"excerpt":{"rendered":"","protected":false},"author":1,"featured_media":0,"parent":0,"menu_order":0,"comment_status":"closed","ping_status":"closed","template":"","meta":{"footnotes":""},"class_list":["post-66","page","type-page","status-publish","hentry"],"_links":{"self":[{"href":"https:\/\/collectifisos.be\/index.php\/wp-json\/wp\/v2\/pages\/66","targetHints":{"allow":["GET"]}}],"collection":[{"href":"https:\/\/collectifisos.be\/index.php\/wp-json\/wp\/v2\/pages"}],"about":[{"href":"https:\/\/collectifisos.be\/index.php\/wp-json\/wp\/v2\/types\/page"}],"author":[{"embeddable":true,"href":"https:\/\/collectifisos.be\/index.php\/wp-json\/wp\/v2\/users\/1"}],"replies":[{"embeddable":true,"href":"https:\/\/collectifisos.be\/index.php\/wp-json\/wp\/v2\/comments?post=66"}],"version-history":[{"count":18,"href":"https:\/\/collectifisos.be\/index.php\/wp-json\/wp\/v2\/pages\/66\/revisions"}],"predecessor-version":[{"id":506,"href":"https:\/\/collectifisos.be\/index.php\/wp-json\/wp\/v2\/pages\/66\/revisions\/506"}],"wp:attachment":[{"href":"https:\/\/collectifisos.be\/index.php\/wp-json\/wp\/v2\/media?parent=66"}],"curies":[{"name":"wp","href":"https:\/\/api.w.org\/{rel}","templated":true}]}}